2). Let u(l) = 7*l**3 + l**2 + l - 1. Let v(s) = -s - 4. Let p be v(-5). Let c be u(p). What is the highest common factor of i and c?
1
Suppose -7*h = -3*h + 4*u - 60, 5*h - 3*u = 107. Calculate the highest common divisor of 95 and h.
19
Suppose 4*h - 26 - 46 = 4*q, 5*q + 2*h + 111 = 0. Let s = 29 + q. Calculate the highest common factor of 1 and s.
1
Let u be ((-13)/(-52))/(2/16). Suppose -m + 2*b + 34 = -2*b, u*b + 2 = 0. Suppose -15 + 75 = 5*t. What is the highest common factor of t and m?
6
Let a(m) = m**3 - 9*m**2 + 10*m. Let w be a(8). Suppose 3*o - 3*c - 9 = -2*c, 4*o + 3*c = -1. Calculate the greatest common factor of o and w.
2
Suppose 0*m = m - 13. What is the highest common divisor of m and 91?
13
Suppose -n + 2*n = -4*o + 33, 73 = 3*n - o. Suppose 5*p - 6*h = -h - 35, -5*p - h - 5 = 0. Let r be -5*2/4*p. What is the greatest common divisor of n and r?
5
Let w be 5/40*(-8)/(-1)*1. Calculate the highest common factor of 8 and w.
1
Let c = 1 + 4. Suppose -c*g + 4*s + 2 + 30 = 0, 0 = -2*s - 6. Suppose -4*f + g*r = 0, -f + 4*f - 10 = r. What is the highest common factor of 1 and f?
1
Let i = 12 + -19. Let q(p) = -7*p - 5. Let g be q(i). What is the greatest common factor of g and 22?
22
Suppose 3*o - 27 = -22*k + 21*k, 2*k = -3*o + 27. Calculate the greatest common factor of 99 and o.
9
Suppose -2*s = 2*s + q - 9, 2*q = 5*s + 5. Calculate the greatest common factor of 17 and s.
1
Suppose 3*n + 3*a - 27 = -0*a, 3*n + 5 = 5*a. Calculate the greatest common divisor of n and 1.
1
Let x(f) = -7*f + 20. Let a(o) = -10*o + 30. Let c(j) = -5*a(j) + 7*x(j). Let n be c(-10). Let l = -10 - n. What is the greatest common divisor of l and 90?
10
Let o be ((-1)/(-2))/(2/(-24)). Let n be (3 - 6)*128/o. Let v(j) = -2*j + 2. Let t be v(-3). Calculate the greatest common factor of n and t.
8
Suppose -3*d + 5*u + 9 = 2*u, -5*d + u + 31 = 0. What is the greatest common divisor of 14 and d?
7
Suppose -49 = -3*q + 5*x, -x + 2*x = 1. Suppose -2*u + 14 - 2 = 0. Calculate the highest common divisor of q and u.
6
Let g be (-16)/(-24) - 102/(-9). Calculate the greatest common factor of 8 and g.
4
Let n be (-14)/(-49) - 82/(-7). What is the greatest common factor of 36 and n?
12
Suppose 90*p = 88*p + 4. What is the highest common divisor of p and 2?
2
Let a = 17 + -10. Let t be a/(3*2/6). Calculate the highest common factor of t and 1.
1
Suppose 22 = -3*o + 379. Let d = 20 + -10. Let f be 4/2*85/d. What is the greatest common divisor of o and f?
17
Let h be 1 - (238/(-14) - (4 + 0)). What is the highest common factor of h and 55?
11
Suppose 3*u = -0*u + 108. Suppose 0 = 5*l - l - 20. Let k(b) = -b**3 + 8*b**2 + 3*b. Let n be k(l). What is the highest common divisor of u and n?
18
Let j(c) = -2*c + 1. Let b be j(3). Suppose 0 = -o + 2 - 3. Let m = o - b. Calculate the greatest common factor of m and 32.
4
Let i be (-2)/(-3) - 145/15. Let c = 15 + i. Let f be (3/((-6)/4))/(-1). Calculate the highest common factor of f and c.
2
Suppose 2*o - 5*d - 30 - 27 = 0, -o - 2*d = -6. Let q be (4/(-8))/1*12. Let k be ((-4)/q)/(1/3). What is the greatest common divisor of o and k?
2
Let y = -5 + 9. Let d(r) = -r**2 - r - 17. Let l be d(0). Let q = 37 + l. Calculate the highest common divisor of q and y.
4
Suppose -s - 27 = -30. Calculate the highest common factor of s and 9.
3
Let k = -1 + 4. Let y be 4*-3*4/(-2). Calculate the greatest common factor of k and y.
3
Let q be ((-8)/14)/(6/(-21)). Suppose q*o - 36 = o + h, -4*o + 2*h = -136. Calculate the greatest common factor of o and 16.
16
Suppose 2*j + 12 = 6*j. Suppose c - 2*s - 7 = 0, j*c = 5*c + 3*s. Let r = -20 + 35. Calculate the highest common divisor of c and r.
3
Let y be (-2)/(6/(-39)) + 6/2. Suppose -2 = 4*g - 10. Suppose -g*v - 3*v + 400 = 0. Calculate the highest common divisor of y and v.
16
Let x = 659 - 523. Let q be 4/(-6) + 106/6. What is the greatest common divisor of q and x?
17
Suppose 4*v - 12 = 2*s, 4*v - 4*s - 24 = -8. What is the highest common factor of 14 and v?
2
Let v be (-1 + -86)/((-6)/4). Let b = v - 36. Calculate the highest common divisor of b and 11.
11
Let f(u) = -u**2 + 6*u + 5. Let y be f(6). Suppose -4*n = 5*d - 21, 2*d - n + y*n - 6 = 0. Calculate the greatest common factor of 45 and d.
5
Let s(i) = 7*i**2 + i + 1. Let p be s(-1). Suppose 5*g = p - 2. What is the highest common divisor of 1 and g?
1
Let t be 1 + -1 - (-25 + 9). Let v be 222/8 + 4/t. What is the greatest common divisor of v and 7?
7
Let h be ((-3)/(-2))/(12/464). Let i be 4/(-18) - h/(-18). Suppose -t - 26 = -i*t. Calculate the highest common factor of t and 78.
13
Let x(y) = y - 3. Let r be x(5). Let c(q) = -3*q - 29. Let o be c(-10). Let t be o/r + 65/2. What is the highest common factor of 11 and t?
11
Suppose -5*u + u = -44. Suppose 3*b - 8 = -4*d, -4*b - 2*d = -6*d + 8. Suppose b*q - 110 = -2*q. Calculate the highest common divisor of u and q.
11
Let a(h) = h**3 + 6 + 1 - 4*h - 3 - 2*h**2. Suppose -7 = -2*i + 1. Let d be a(i). What is the greatest common factor of 4 and d?
4
Let o(m) = m**3 + 5*m**2 + m + 4. Let p be o(-5). Let y be ((-3)/p)/(2/20). Suppose -4*j - 12 = -6*j. Calculate the highest common divisor of y and j.
6
Suppose 35 = 4*h + h. Let k(y) = y**3 - 4*y**2 - 9*y + 4. Let q be k(h). Let w be q/6 - 2/3. What is the greatest common factor of w and 7?
7
Let i be 10 + (-4 - -4) + -1. Calculate the greatest common divisor of 72 and i.
9
Suppose 0 = -b - 4*r - 25, b + r = -4*r - 30. Let h be b*(-5)/(50/(-56)). Let k = 73 + h. What is the highest common divisor of 5 and k?
5
Let l = 598 - 423. Calculate the greatest common divisor of l and 70.
35
Suppose -x + 4*m + 168 = -5*x, 0 = -4*m - 8. Let o be 4/(x/(-18) + -2). Let z be 124/10 + (-4)/10. What is the greatest common factor of o and z?
6
Let r(x) = -x**2 - 2*x + 4 + 3*x - 2*x. Let h be r(0). Suppose -2*i - b - 4*b = -65, 3*i - h*b - 40 = 0. Calculate the highest common divisor of 8 and i.
4
Let t = -51 + 80. Suppose -4*h + 11 + t = 0. Calculate the greatest common factor of 4 and h.
2
Let p = 0 - -2. Let b be (-15)/(-6) + (-1)/p. Suppose -4*l = -0*w - 3*w - 17, -3*l = 2*w - 17. Calculate the greatest common divisor of l and b.
1
Suppose -5*s = -5*w - 2*s + 64, -7 = -2*w - 5*s. Let r = w + -5. What is the greatest common factor of 2 and r?
2
Suppose 14 = 2*q + 4*d, 4*q + d = 5*q + 2. Suppose 0 = -4*n + 17 - 1. Let f be n/6*(-6)/(-2). What is the highest common factor of q and f?
1
Suppose 6 = o - 2*y, -2*o + 2*y = -0*y - 14. What is the greatest common factor of o and 8?
8
Suppose -5*x = -5*g - 20, -x + 7 + 5 = 3*g. Suppose -u = -0 - 3. Calculate the highest common factor of u and x.
3
Let l be ((-18)/(-12))/(1/2). Calculate the highest common factor of l and 15.
3
Suppose 7*v - 149 = 187. Calculate the highest common factor of 120 and v.
24
Suppose -10*c + 13*c - 117 = 0. Calculate the highest common divisor of c and 3.
3
Suppose -3*h + 301 + 383 = 0. Suppose 2*q - h = -2*q. Calculate the greatest common divisor of 38 and q.
19
Suppose 26 = 5*s - 14. Let h = -56 + s. Let u = -13 - h. What is the greatest common factor of 7 and u?
7
Suppose 5*m - 9 = 1. Suppose m*z - z - 4 = 0. Suppose 3*f + l = 3, 0 = -3*f - 5*l - 1 + z. Calculate the greatest common divisor of f and 4.
1
Let w be (20/25)/(2/(-30)). Let k(v) = 21*v**2 - v. Let l be k(-1). Let a = w + l. Calculate the highest common factor of 5 and a.
5
Let m be (-21 + (-15)/5)*1/(-3). What is the highest common divisor of m and 72?
8
Suppose -2*c + 6*x - x = 0, 0 = c + 4*x. Suppose c = -3*q + 18. Calculate the highest common divisor of q and 6.
6
Suppose u = -4*u + 120. Suppose -3*c - 3*g + 24 = 0, c = 4*c - 2*g - u. Let o(f) = 2*f - 8. Let t be o(c). What is the greatest common divisor of t and 20?
4
Let r be (-2 + 1)/((-5)/55). Let a = -6 + r. What is the greatest common factor of a and 5?
5
Let u(b) = 2*b - 18. Let g be u(12). Suppose -2*t - 3*k + 3 - 4 = 0, -k + 13 = 4*t. What is the greatest common divisor of t and g?
2
Let o = -29 - -35. Calculate the highest common divisor of o and 1.
1
Let k = 64 - 55. What is the highest common divisor of 18 and k?
9
Let g(v) = 8*v**3 - v**2 + 1. Let x be g(1). Suppose 7*c = -3*q + 9*c + 218, -4*q - c = -287. What is the highest common factor of q and x?
8
Let